 the greatest common factor of 2494 and 863678?
58
Calculate the highest common divisor of 9581520 and 98355.
1245
What is the greatest common divisor of 40746065 and 185?
185
Calculate the greatest common divisor of 1474256 and 15545503.
13163
What is the greatest common factor of 269006842 and 6844?
3422
Calculate the greatest common factor of 765 and 76449.
51
What is the highest common divisor of 4216 and 17415242?
1054
What is the greatest common divisor of 36 and 24710256?
36
Calculate the greatest common factor of 253028 and 109922.
2074
What is the greatest common divisor of 724 and 104278625?
181
Calculate the highest common divisor of 8339 and 61504.
31
What is the highest common factor of 31 and 59672923?
31
Calculate the greatest common divisor of 31379247 and 436788.
9927
What is the highest common factor of 1497 and 4377?
3
What is the greatest common divisor of 2375 and 740525?
475
Calculate the highest common factor of 3569 and 25828853.
3569
Calculate the greatest common divisor of 80 and 68236110.
10
Calculate the highest common divisor of 5762 and 19092.
86
What is the greatest common factor of 61491710 and 56?
14
What is the highest common divisor of 260 and 9129940?
20
What is the highest common divisor of 57 and 1400844654?
57
Calculate the highest common divisor of 2387 and 844812.
31
Calculate the greatest common divisor of 10160085 and 3120.
195
Calculate the highest common divisor of 5920 and 6795864.
296
Calculate the highest common divisor of 659403 and 24108.
123
What is the highest common divisor of 237 and 279399774?
237
Calculate the highest common factor of 49753695 and 120.
15
What is the highest common factor of 56256 and 16448?
64
Calculate the greatest common divisor of 70785 and 2437182.
1089
What is the highest common divisor of 470 and 4375840?
10
What is the highest common factor of 45336 and 516888?
24
Calculate the highest common factor of 13917318 and 6.
6
Calculate the greatest common factor of 72813978 and 837.
837
What is the greatest common factor of 2933 and 1486394539?
2933
What is the highest common divisor of 66578338 and 11812?
5906
Calculate the highest common divisor of 32879 and 7021161.
2989
Calculate the highest common factor of 1005 and 275775.
15
Calculate the greatest common divisor of 1404709019 and 98.
49
What is the highest common divisor of 10211463 and 81?
9
Calculate the highest common divisor of 7784 and 1443654.
278
What is the greatest common divisor of 630 and 28811412?
126
Calculate the highest common divisor of 92860 and 36580.
20
What is the highest common factor of 46820 and 1926643?
2341
What is the highest common divisor of 25671254 and 1416?
118
What is the highest common factor of 493163 and 238396?
107
What is the highest common divisor of 1097 and 56596?
1
Calculate the greatest common divisor of 88 and 112414.
2
What is the greatest common factor of 41243020 and 72670?
5590
What is the greatest common factor of 27532811 and 265?
53
Calculate the greatest common divisor of 780 and 1107660.
60
Calculate the greatest common divisor of 417121991 and 209.
209
Calculate the highest common divisor of 9336438 and 4428.
2214
Calculate the greatest common factor of 114 and 3097912.
38
Calculate the greatest common divisor of 520493 and 35275.
83
What is the greatest common factor of 8656 and 54364008?
4328
Calculate the highest common factor of 1199490824 and 133.
133
What is the greatest common divisor of 4755 and 192095?
5
Calculate the greatest common factor of 439426 and 4264.
26
Calculate the highest common factor of 8 and 39131912.
8
What is the highest common factor of 238 and 231861?
7
Calculate the greatest common factor of 80 and 10566540.
20
Calculate the greatest common divisor of 40 and 82584440.
40
What is the greatest common divisor of 1625 and 609000?
125
What is the highest common factor of 5228 and 16892?
4
Calculate the highest common factor of 7648 and 45711857.
239
What is the greatest common factor of 98178803 and 1042?
521
What is the greatest common factor of 22140 and 28643420?
820
What is the greatest common factor of 16899 and 8471?
43
What is the highest common factor of 1517 and 8673503?
37
What is the greatest common divisor of 101931 and 78751?
61
What is the greatest common factor of 20990 and 8390?
10
Calculate the greatest common divisor of 31609094 and 33.
11
Calculate the highest common divisor of 19790 and 1666318.
3958
Calculate the highest common divisor of 4731 and 268788611.
1577
What is the greatest common divisor of 1698552 and 1584?
72
Calculate the highest common factor of 93687536 and 73995.
4933
What is the highest common divisor of 198095475 and 150?
75
Calculate the greatest common divisor of 44824 and 3848.
104
Calculate the greatest common factor of 237309083 and 1628.
407
What is the highest common factor of 207751 and 1466359?
2017
What is the highest common factor of 8 and 2397579312?
8
What is the highest common factor of 12514546 and 242?
242
What is the highest common factor of 121 and 4080241?
121
What is the greatest common divisor of 1383695313 and 6006?
3003
What is the greatest common divisor of 1010030 and 112245?
35
What is the greatest common divisor of 5768 and 23928?
8
Calculate the highest common factor of 1822 and 768812031.
911
What is the greatest common factor of 597624 and 168?
24
What is the greatest common factor of 7447 and 50871811?
677
What is the greatest common factor of 14302148 and 560917?
2471
What is the greatest common factor of 1791 and 209349?
9
Calculate the greatest common factor of 565244 and 116.
4
Calculate the highest common factor of 1848245 and 70.
35
Calculate the greatest common divisor of 449744092 and 1374.
458
Calculate the greatest common divisor of 158403 and 28728.
399
What is the greatest common divisor of 1721924 and 17520?
292
What is the highest common divisor of 45640 and 105112?
56
Calculate the greatest common divisor of 63323 and 27833.
13
What is the highest common factor of 162 and 90624474?
54
Calculate the greatest common divisor of 228553446 and 2658.
2658
Calculate the highest common divisor of 7421148 and 2646.
882
What is the highest common factor of 776 and 66788768?
776
What is the highest common divisor of 2466624 and 1740?
348
What is the highest common factor of 3191520 and 7680?
480
What is the greatest common divisor of 2070249 and 1?
1
What is the highest common divisor of 35 and 4293695?
35
Calculate the highest common divisor of 55985778 and 72.
18
What is the highest common divisor of 50687 and 87129?
7
What is the highest common divisor of 4558 and 1467289?
43
What is the greatest common divisor of 80911800 and 900?
900
What is the highest common factor of 513378 and 1539?
81
Calculate the greatest common divisor of 324 and 221807646.
162
Calculate the highest common factor of 2723517 and 483759.
513
What is the highest common factor of 144348190 and 4760?
1190
What is the highest common factor of 36 and 497419992?
36
What is the greatest common factor of 20 and 5901530?
10
Calculate the greatest common factor of 6603 and 528220191.
6603
Calculate the highest common divisor of 171 and 18375660.
171
What is the highest common factor of 3176195 and 30731?
79
What is the highest common factor of 3861 and 111618507?
429
Calculate the highest common divisor of 2639969604 and 108.
108
What is the greatest common factor of 135 and 30688065?
135
What is the greatest common factor of 22143 and 1002969?
363
Calculate the highest common divisor of 206 and 1931578982.
206
Calculate the highest common divisor of 76000 and 29993875.
2375
Calculate the highest common factor of 33401968 and 80.
16
What is the highest common factor of 410698 and 1649?
97
Calculate the greatest common divisor of 136122 and 8841.
21
What is the greatest common divisor of 696814 and 18?
2
Calculate the highest common factor of 31515 and 27775.
55
What is the greatest common factor of 434880 and 436088?
1208
Calculate the greatest common divisor of 39671695 and 105.
35
What is the highest common divisor of 69 and 12574767?
69
What is the highest common factor of 2472147240 and 8040?
8040
Calculate the highest common divisor of 69501 and 9.
3
Calculate the highest common factor